{"id":92,"date":"2024-10-30T10:09:08","date_gmt":"2024-10-30T09:09:08","guid":{"rendered":"https:\/\/cisarm.fr\/?page_id=92"},"modified":"2025-08-07T10:22:55","modified_gmt":"2025-08-07T08:22:55","slug":"infirmiere-diplomee-detat","status":"publish","type":"page","link":"https:\/\/cisarm.fr\/index.php\/infirmiere-diplomee-detat\/","title":{"rendered":"Infirmi\u00e8re Dipl\u00f4m\u00e9e d&rsquo;Etat"},"content":{"rendered":"\n<p class=\"has-text-align-center has-source-serif-pro-font-family has-large-font-size\"><strong>Notre Infirmi\u00e8re<\/strong><\/p>\n\n\n\n<p class=\"has-text-align-center has-source-serif-pro-font-family has-large-font-size\">Mme THIRIET Marion<\/p>\n\n\n\n<hr class=\"wp-block-separator has-alpha-channel-opacity is-style-wide\" style=\"margin-top:var(--wp--preset--spacing--50);margin-bottom:var(--wp--preset--spacing--50)\"\/>\n\n\n\n<p class=\"has-source-serif-pro-font-family has-large-font-size\"><strong>Quel est le r\u00f4le d&rsquo;une infirmi\u00e8re dans un centre de sant\u00e9 ?<\/strong><\/p>\n\n\n\n<p class=\"has-source-serif-pro-font-family\">L&rsquo;exercice de la profession d&rsquo;infirmier&nbsp;ou d&rsquo;infirmi\u00e8re&nbsp;comporte l&rsquo;analyse, l&rsquo;organisation, la r\u00e9alisation de soins&nbsp;infirmiers&nbsp;et leur \u00e9valuation, la contribution au recueil de donn\u00e9es cliniques et \u00e9pid\u00e9miologiques et la participation \u00e0 des actions de pr\u00e9vention, de d\u00e9pistage, de formation et d&rsquo;\u00e9ducation \u00e0 la&nbsp;sant\u00e9.<\/p>\n\n\n\n<figure class=\"wp-block-image alignright size-full\"><img loading=\"lazy\" decoding=\"async\" width=\"381\" height=\"495\" src=\"https:\/\/cisarm.fr\/wp-content\/uploads\/2024\/09\/soins_infirmiers.png\" alt=\"\" class=\"wp-image-102\" srcset=\"https:\/\/cisarm.fr\/wp-content\/uploads\/2024\/09\/soins_infirmiers.png 381w, https:\/\/cisarm.fr\/wp-content\/uploads\/2024\/09\/soins_infirmiers-231x300.png 231w\" sizes=\"auto, (max-width: 381px) 100vw, 381px\" \/><\/figure>\n\n\n\n<p class=\"has-source-serif-pro-font-family\">Au sein du Centre de Sant\u00e9, vous pouvez dispenser d&rsquo;interventions diverses aupr\u00e8s de l&rsquo;infirmi\u00e8re sur prescription m\u00e9dicale :<br>\u2022&nbsp;&nbsp; &nbsp;Injections diverses<br>\u2022&nbsp;&nbsp; &nbsp;Prises de sang<br>\u2022&nbsp;&nbsp; &nbsp;Pansements<br>\u2022&nbsp;&nbsp; &nbsp;Surveillance de la tension<br>\u2022&nbsp;&nbsp; &nbsp;Ablation de points de suture<br>\u2022&nbsp;&nbsp; &nbsp;Vaccins<br>\u2022&nbsp;&nbsp; &nbsp;R\u00e9alisation de consultation dans le cadre de \u00ab\u00a0Mon Bilan Pr\u00e9vention\u00a0\u00bb<br><\/p>\n\n\n\n<p class=\"has-source-serif-pro-font-family\">Le centre a aussi une mission de pr\u00e9vention et d\u2019\u00e9ducation \u00e0 la sant\u00e9. Ils d\u00e9livrent des conseils appropri\u00e9s sur des sujets aussi vari\u00e9s comme l\u2019alimentation, le sommeil, la pr\u00e9vention des accidents domestiques etc&#8230;<\/p>\n\n\n\n<p class=\"has-text-align-center has-source-serif-pro-font-family\">Pour profiter de cette offre de soins, veuillez prendre rendez-vous au <strong>03.24.41.45.45<\/strong> du<strong> lundi au vendredi<\/strong> de <strong>08h30 \u00e0 12h00<\/strong> et de <strong>13h30 \u00e0 17h30<\/strong>.<\/p>\n\n\n\n<p class=\"has-source-serif-pro-font-family has-large-font-size\"><strong>Modalit\u00e9 d&rsquo;admission et inscription<\/strong><\/p>\n\n\n\n<p class=\"has-source-serif-pro-font-family\">Lors de la prise de rendez-vous et de la r\u00e9alisation des soins nous demandons la pr\u00e9sentation de :<\/p>\n\n\n\n<ul class=\"wp-block-list\">\n<li class=\"has-source-serif-pro-font-family\">La prescription m\u00e9dicale<\/li>\n\n\n\n<li class=\"has-source-serif-pro-font-family\">La carte vitale<\/li>\n<\/ul>\n\n\n\n<p class=\"has-source-serif-pro-font-family has-large-font-size\"><strong>Modalit\u00e9 financi\u00e8res &#8211; Tarifs<\/strong><\/p>\n\n\n\n<p class=\"has-source-serif-pro-font-family\">Le Centre de Sant\u00e9 pratique le tiers payant, il est conventionn\u00e9 par la Caisse primaire d\u2019assurance maladie (CPAM).&nbsp;Il s\u2019engage \u00e0 respecter les tarifs conventionnels.<br>Le Tiers payant permet de&nbsp;b\u00e9n\u00e9ficier d\u2019une dispense d\u2019avance de frais&nbsp;de la part \u00ab\u00a0S\u00e9curit\u00e9 Sociale\u00a0\u00bb&nbsp;sur pr\u00e9sentation de la carte vitale. <br>La partie \u00ab\u00a0Compl\u00e9mentaire &#8211; Mutuelle\u00a0\u00bb sera a avanc\u00e9 et vous sera rembours\u00e9 directement.<\/p>\n","protected":false},"excerpt":{"rendered":"<p>Notre Infirmi\u00e8re Mme THIRIET Marion Quel est le r\u00f4le d&rsquo;une infirmi\u00e8re dans un centre de sant\u00e9 ? L&rsquo;exercice de la profession d&rsquo;infirmier&nbsp;ou d&rsquo;infirmi\u00e8re&nbsp;comporte l&rsquo;analyse, l&rsquo;organisation, la r\u00e9alisation de soins&nbsp;infirmiers&nbsp;et leur \u00e9valuation, la contribution au recueil de donn\u00e9es cliniques et \u00e9pid\u00e9miologiques et la participation \u00e0 des actions de pr\u00e9vention, de d\u00e9pistage, de formation et d&rsquo;\u00e9ducation \u00e0 [&hellip;]<\/p>\n","protected":false},"author":1,"featured_media":0,"parent":0,"menu_order":0,"comment_status":"closed","ping_status":"closed","template":"","meta":{"footnotes":""},"class_list":["post-92","page","type-page","status-publish","hentry"],"_links":{"self":[{"href":"https:\/\/cisarm.fr\/index.php\/wp-json\/wp\/v2\/pages\/92","targetHints":{"allow":["GET"]}}],"collection":[{"href":"https:\/\/cisarm.fr\/index.php\/wp-json\/wp\/v2\/pages"}],"about":[{"href":"https:\/\/cisarm.fr\/index.php\/wp-json\/wp\/v2\/types\/page"}],"author":[{"embeddable":true,"href":"https:\/\/cisarm.fr\/index.php\/wp-json\/wp\/v2\/users\/1"}],"replies":[{"embeddable":true,"href":"https:\/\/cisarm.fr\/index.php\/wp-json\/wp\/v2\/comments?post=92"}],"version-history":[{"count":9,"href":"https:\/\/cisarm.fr\/index.php\/wp-json\/wp\/v2\/pages\/92\/revisions"}],"predecessor-version":[{"id":253,"href":"https:\/\/cisarm.fr\/index.php\/wp-json\/wp\/v2\/pages\/92\/revisions\/253"}],"wp:attachment":[{"href":"https:\/\/cisarm.fr\/index.php\/wp-json\/wp\/v2\/media?parent=92"}],"curies":[{"name":"wp","href":"https:\/\/api.w.org\/{rel}","templated":true}]}}

Infirmière Diplômée d&rsquo;Etat

<p class="has-text-align-center has-source-serif-pro-font-family has-large-font-size"><strong>Notre Infirmière</strong></p>



<p class="has-text-align-center has-source-serif-pro-font-family has-large-font-size">Mme THIRIET Marion</p>



<hr class="wp-block-separator has-alpha-channel-opacity is-style-wide" style="margin-top:var(--wp--preset--spacing--50);margin-bottom:var(--wp--preset--spacing--50)"/>



<p class="has-source-serif-pro-font-family has-large-font-size"><strong>Quel est le rôle d&rsquo;une infirmière dans un centre de santé ?</strong></p>



<p class="has-source-serif-pro-font-family">L&rsquo;exercice de la profession d&rsquo;infirmier&nbsp;ou d&rsquo;infirmière&nbsp;comporte l&rsquo;analyse, l&rsquo;organisation, la réalisation de soins&nbsp;infirmiers&nbsp;et leur évaluation, la contribution au recueil de données cliniques et épidémiologiques et la participation à des actions de prévention, de dépistage, de formation et d&rsquo;éducation à la&nbsp;santé.</p>



<figure class="wp-block-image alignright size-full"><img loading="lazy" decoding="async" width="381" height="495" src="https://cisarm.fr/wp-content/uploads/2024/09/soins_infirmiers.png" alt="" class="wp-image-102" srcset="https://cisarm.fr/wp-content/uploads/2024/09/soins_infirmiers.png 381w, https://cisarm.fr/wp-content/uploads/2024/09/soins_infirmiers-231x300.png 231w" sizes="auto, (max-width: 381px) 100vw, 381px" /></figure>



<p class="has-source-serif-pro-font-family">Au sein du Centre de Santé, vous pouvez dispenser d&rsquo;interventions diverses auprès de l&rsquo;infirmière sur prescription médicale :<br>•&nbsp;&nbsp; &nbsp;Injections diverses<br>•&nbsp;&nbsp; &nbsp;Prises de sang<br>•&nbsp;&nbsp; &nbsp;Pansements<br>•&nbsp;&nbsp; &nbsp;Surveillance de la tension<br>•&nbsp;&nbsp; &nbsp;Ablation de points de suture<br>•&nbsp;&nbsp; &nbsp;Vaccins<br>•&nbsp;&nbsp; &nbsp;Réalisation de consultation dans le cadre de « Mon Bilan Prévention »<br></p>



<p class="has-source-serif-pro-font-family">Le centre a aussi une mission de prévention et d’éducation à la santé. Ils délivrent des conseils appropriés sur des sujets aussi variés comme l’alimentation, le sommeil, la prévention des accidents domestiques etc&#8230;</p>



<p class="has-text-align-center has-source-serif-pro-font-family">Pour profiter de cette offre de soins, veuillez prendre rendez-vous au <strong>03.24.41.45.45</strong> du<strong> lundi au vendredi</strong> de <strong>08h30 à 12h00</strong> et de <strong>13h30 à 17h30</strong>.</p>



<p class="has-source-serif-pro-font-family has-large-font-size"><strong>Modalité d&rsquo;admission et inscription</strong></p>



<p class="has-source-serif-pro-font-family">Lors de la prise de rendez-vous et de la réalisation des soins nous demandons la présentation de :</p>



<ul class="wp-block-list">
<li class="has-source-serif-pro-font-family">La prescription médicale</li>



<li class="has-source-serif-pro-font-family">La carte vitale</li>
</ul>



<p class="has-source-serif-pro-font-family has-large-font-size"><strong>Modalité financières &#8211; Tarifs</strong></p>



<p class="has-source-serif-pro-font-family">Le Centre de Santé pratique le tiers payant, il est conventionné par la Caisse primaire d’assurance maladie (CPAM).&nbsp;Il s’engage à respecter les tarifs conventionnels.<br>Le Tiers payant permet de&nbsp;bénéficier d’une dispense d’avance de frais&nbsp;de la part « Sécurité Sociale »&nbsp;sur présentation de la carte vitale. <br>La partie « Complémentaire &#8211; Mutuelle » sera a avancé et vous sera remboursé directement.</p>

<p>Notre Infirmière Mme THIRIET Marion Quel est le rôle d&rsquo;une infirmière dans un centre de santé ? L&rsquo;exercice de la profession d&rsquo;infirmier&nbsp;ou d&rsquo;infirmière&nbsp;comporte l&rsquo;analyse, l&rsquo;organisation, la réalisation de soins&nbsp;infirmiers&nbsp;et leur évaluation, la contribution au recueil de données cliniques et épidémiologiques et la participation à des actions de prévention, de dépistage, de formation et d&rsquo;éducation à [&hellip;]</p>
